is divided by 913?
782
What is the remainder when 21531 is divided by 550?
81
What is the remainder when 1881995 is divided by 9602?
3
What is the remainder when 283237 is divided by 70802?
29
What is the remainder when 532125528 is divided by 1134596?
4
What is the remainder when 610564 is divided by 5313?
4882
What is the remainder when 1582624 is divided by 459?
451
Calculate the remainder when 5612 is divided by 3825.
1787
What is the remainder when 100986693 is divided by 25246673?
1
Calculate the remainder when 2584830 is divided by 23.
21
What is the remainder when 4718514 is divided by 1572836?
6
Calculate the remainder when 180306 is divided by 1484.
742
What is the remainder when 50227 is divided by 25112?
3
What is the remainder when 255749 is divided by 2321?
439
Calculate the remainder when 37652 is divided by 36255.
1397
Calculate the remainder when 934262 is divided by 15206.
6696
What is the remainder when 23382039 is divided by 110?
109
Calculate the remainder when 598848 is divided by 299423.
2
Calculate the remainder when 409576 is divided by 4014.
148
What is the remainder when 3711545 is divided by 176676?
1349
Calculate the remainder when 539826 is divided by 269905.
16
What is the remainder when 69537360 is divided by 13370?
13360
Calculate the remainder when 15759485 is divided by 92.
69
Calculate the remainder when 776633 is divided by 1642.
1609
What is the remainder when 25917372 is divided by 218?
6
Calculate the remainder when 1098347 is divided by 549160.
27
Calculate the remainder when 166657059 is divided by 11634.
9
What is the remainder when 970942 is divided by 323637?
31
What is the remainder when 184835593 is divided by 26?
7
Calculate the remainder when 3473622 is divided by 154.
152
Calculate the remainder when 3570836 is divided by 171.
14
Calculate the remainder when 1626191 is divided by 1848.
1799
What is the remainder when 21882596 is divided by 600?
596
Calculate the remainder when 3944356 is divided by 29428.
1004
What is the remainder when 7517217 is divided by 148?
1
Calculate the remainder when 3318129 is divided by 301648.
1
Calculate the remainder when 10430272 is divided by 76133.
51
Calculate the remainder when 166528 is divided by 163511.
3017
Calculate the remainder when 2815133 is divided by 176.
13
What is the remainder when 11814243 is divided by 48419?
7
Calculate the remainder when 44555 is divided by 1839.
419
Calculate the remainder when 752739 is divided by 262.
13
What is the remainder when 25724081 is divided by 14307?
95
Calculate the remainder when 184336 is divided by 18414.
196
Calculate the remainder when 993804 is divided by 24.
12
What is the remainder when 9784524 is divided by 1630727?
162
What is the remainder when 175629 is divided by 88?
69
Calculate the remainder when 14183 is divided by 2336.
167
What is the remainder when 7831049 is divided by 1258?
1257
What is the remainder when 2239655 is divided by 279949?
63
Calculate the remainder when 1218282 is divided by 152192.
746
Calculate the remainder when 7158796 is divided by 37.
36
What is the remainder when 825925 is divided by 345?
340
Calculate the remainder when 318352 is divided by 316591.
1761
Calculate the remainder when 45603436 is divided by 2189.
2188
What is the remainder when 25350 is divided by 1312?
422
Calculate the remainder when 50364 is divided by 558.
144
What is the remainder when 4118185 is divided by 3271?
3267
What is the remainder when 39290 is divided by 797?
237
What is the remainder when 12696756 is divided by 113?
76
What is the remainder when 29877220 is divided by 50383?
101
Calculate the remainder when 5733830 is divided by 911.
907
Calculate the remainder when 866848 is divided by 279.
274
What is the remainder when 229981 is divided by 30?
1
What is the remainder when 35190044 is divided by 27?
26
What is the remainder when 554971 is divided by 223?
147
Calculate the remainder when 108604 is divided by 108597.
7
Calculate the remainder when 2308340 is divided by 10940.
0
What is the remainder when 764819 is divided by 7582?
6619
Calculate the remainder when 5223300 is divided by 10488.
276
What is the remainder when 69033938 is divided by 13?
12
What is the remainder when 4952125 is divided by 87?
85
What is the remainder when 527043 is divided by 40185?
4638
What is the remainder when 259024 is divided by 86160?
544
Calculate the remainder when 5303471 is divided by 409.
377
What is the remainder when 24923098 is divided by 301?
298
What is the remainder when 79455075 is divided by 404?
395
What is the remainder when 258485 is divided by 21494?
557
What is the remainder when 4598314 is divided by 13064?
12850
What is the remainder when 615934 is divided by 537?
532
Calculate the remainder when 109778642 is divided by 13.
12
What is the remainder when 3733089 is divided by 1244363?
0
Calculate the remainder when 29894055 is divided by 40.
15
What is the remainder when 465753 is divided by 75?
3
What is the remainder when 23931224 is divided by 1395?
1394
Calculate the remainder when 6722996 is divided by 1042.
12
What is the remainder when 202737 is divided by 3119?
2
What is the remainder when 2978307 is divided by 3455?
97
Calculate the remainder when 1200871 is divided by 2382.
343
Calculate the remainder when 838747 is divided by 1065.
592
Calculate the remainder when 61171 is divided by 30430.
311
Calculate the remainder when 4972648 is divided by 50.
48
Calculate the remainder when 2496860 is divided by 223.
152
Calculate the remainder when 751454302 is divided by 24.
22
Calculate the remainder when 15847229 is divided by 115.
114
Calculate the remainder when 30811301 is divided by 885.
26
What is the remainder when 348561 is divided by 1804?
389
What is the remainder when 69812 is divided by 49?
36
Calculate the remainder when 1775470 is divided by 409.
1
What is the remainder when 9827150 is divided by 477?
473
What is the remainder when 850002 is divided by 217?
13
Calculate the remainder when 2049205 is divided by 3248.
2965
What is the remainder when 992063 is divided by 837?
218
Calculate the remainder when 23421 is divided by 22369.
1052
Calculate the remainder when 4308774 is divided by 92.
46
Calculate the remainder when 22673 is divided by 474.
395
What is the remainder when 7787948 is divided by 29?
27
Calculate the remainder when 37930594 is divided by 37930577.
17
Calculate the remainder when 33549 is divided by 588.
33
What is the remainder when 254084 is divided by 665?
54
What is the remainder when 3433376 is divided by 436?
312
Calculate the remainder when 39302 is divided by 2837.
2421
What is the remainder when 191374 is divided by 237?
115
Calculate the remainder when 2570862 is divided by 374.
360
Calculate the remainder when 5729339 is divided by 147.
14
Calculate the remainder when 9287664 is divided by 8451.
15
Calculate the remainder when 708602 is divided by 141720.
2
Calculate the remainder when 238687485 is divided by 1879.
1873
Calculate the remainder when 278952 is divided by 69725.
52
What is the remainder when 212463 is divided by 4664?
2583
Calculate the remainder when 6417770 is divided by 1283526.
140
What is the remainder when 73666221 is divided by 8185135?
6
Calculate the remainder when 30666 is divided by 12095.
6476
What is the remainder when 2664091 is divided by 2656?
123
Calculate the remainder when 197790 is divided by 4603.
4464
What is the remainder when 929380 is divided by 4207?
3840
Calculate the remainder when 1562092 is divided by 520679.
55
What is the remainder when 1409477 is divided by 11545?
987
Calculate the remainder when 64274 is divided by 21307.
353
What is the remainder when 241219 is divided by 2437?
2393
Calculate the remainder when 2562280 is divided by 566.
564
What is the remainder when 3189200 is divided by 88588?
32
What is the remainder when 20491 is divided by 9951?
589
What is the remainder when 1645278 is divided by 128?
94
What is the remainder when 94174776 is divided by 2459?
2453
What is the remainder when 64962266 is divided by 67?
4
What is the remainder when 262325 is divided by 1279?
130
What is the remainder when 89752 is divided by 1122?
1114
What is the remainder when 97075038 is divided b